ivisor of 1469 and 13.
13
What is the greatest common factor of 165 and 880?
55
Calculate the highest common divisor of 407 and 333.
37
What is the greatest common factor of 176 and 55?
11
What is the greatest common factor of 128 and 40?
8
Calculate the greatest common factor of 1387 and 1.
1
Calculate the greatest common divisor of 4902 and 114.
114
Calculate the highest common divisor of 14 and 1442.
14
Calculate the greatest common divisor of 245 and 574.
7
What is the highest common factor of 328 and 697?
41
Calculate the highest common divisor of 36 and 36.
36
Calculate the greatest common factor of 976 and 2074.
122
What is the greatest common divisor of 99 and 1023?
33
Calculate the highest common factor of 210 and 336.
42
Calculate the highest common divisor of 26 and 5902.
26
Calculate the highest common divisor of 155 and 1643.
31
Calculate the highest common factor of 190 and 6365.
95
What is the highest common factor of 42 and 30?
6
Calculate the highest common factor of 11228 and 28.
28
Calculate the highest common divisor of 168 and 112.
56
Calculate the highest common factor of 208 and 368.
16
Calculate the greatest common divisor of 416 and 676.
52
Calculate the highest common divisor of 94 and 58703.
47
Calculate the greatest common factor of 14643 and 9.
9
Calculate the highest common factor of 8004 and 116.
116
Calculate the highest common divisor of 364 and 28.
28
Calculate the greatest common divisor of 6 and 402.
6
Calculate the greatest common divisor of 45 and 15.
15
What is the greatest common divisor of 595 and 70?
35
Calculate the highest common divisor of 31 and 11470.
31
Calculate the greatest common divisor of 851 and 148.
37
Calculate the greatest common divisor of 17685 and 90.
45
Calculate the greatest common factor of 400 and 424.
8
What is the greatest common factor of 3 and 281?
1
What is the greatest common factor of 153 and 63?
9
What is the highest common factor of 775 and 2635?
155
What is the highest common factor of 213 and 3?
3
Calculate the highest common factor of 205 and 15.
5
Calculate the highest common divisor of 735 and 2835.
105
Calculate the greatest common factor of 1728 and 256.
64
What is the highest common factor of 45 and 36?
9
Calculate the highest common factor of 216 and 552.
24
What is the greatest common divisor of 1189 and 145?
29
What is the greatest common factor of 172 and 129?
43
Calculate the highest common divisor of 510 and 1140.
30
What is the greatest common divisor of 36 and 564?
12
Calculate the highest common factor of 24 and 136.
8
What is the highest common factor of 96 and 2656?
32
What is the greatest common factor of 120 and 11720?
40
Calculate the highest common factor of 45 and 1125.
45
Calculate the highest common divisor of 1750 and 28.
14
Calculate the highest common divisor of 194 and 1261.
97
Calculate the highest common divisor of 126 and 1953.
63
Calculate the greatest common factor of 448 and 287.
7
Calculate the greatest common factor of 42255 and 135.
135
Calculate the highest common factor of 9682 and 141.
47
Calculate the highest common divisor of 5194 and 159.
53
What is the highest common divisor of 128 and 48?
16
Calculate the highest common factor of 1604 and 8.
4
Calculate the greatest common factor of 12328 and 736.
184
What is the greatest common factor of 25217 and 151?
151
Calculate the greatest common factor of 30 and 160.
10
Calculate the greatest common divisor of 736 and 1196.
92
Calculate the greatest common factor of 572 and 319.
11
Calculate the highest common factor of 120 and 78720.
120
Calculate the greatest common factor of 80 and 10.
10
What is the highest common divisor of 2057 and 121?
121
Calculate the highest common divisor of 3480 and 240.
120
Calculate the highest common factor of 64 and 4984.
8
What is the greatest common divisor of 20 and 870?
10
What is the highest common divisor of 32 and 1112?
8
What is the highest common divisor of 1 and 1583?
1
What is the greatest common divisor of 1102 and 1045?
19
Calculate the highest common divisor of 23 and 46.
23
What is the greatest common factor of 152 and 1292?
76
What is the highest common factor of 47 and 1880?
47
Calculate the highest common divisor of 165 and 198.
33
Calculate the greatest common divisor of 80 and 15.
5
Calculate the highest common factor of 300 and 480.
60
Calculate the greatest common factor of 5472 and 3168.
288
What is the greatest common factor of 793 and 13?
13
Calculate the highest common divisor of 50 and 10.
10
What is the highest common divisor of 1925 and 125?
25
What is the highest common divisor of 612 and 170?
34
Calculate the highest common divisor of 62 and 806.
62
What is the greatest common divisor of 1017 and 18?
9
What is the greatest common divisor of 636 and 36?
12
Calculate the highest common factor of 78 and 663.
39
Calculate the highest common factor of 400 and 64.
16
What is the highest common divisor of 600 and 8?
8
What is the greatest common divisor of 6 and 352?
2
What is the highest common divisor of 5346 and 2754?
162
What is the highest common factor of 30 and 1110?
30
Calculate the greatest common factor of 1067 and 33.
11
What is the highest common factor of 25701 and 39?
39
Calculate the greatest common factor of 54 and 12870.
18
What is the highest common factor of 6580 and 7?
7
What is the highest common divisor of 854 and 70?
14
Calculate the greatest common divisor of 6 and 174.
6
What is the greatest common factor of 959 and 35?
7
What is the highest common factor of 17834 and 148?
74
Calculate the highest common factor of 1520 and 1710.
190
What is the highest common divisor of 24 and 384?
24
Calculate the highest common divisor of 148 and 4.
4
Calculate the highest common factor of 360 and 486.
18
What is the highest common divisor of 35 and 6965?
35
Calculate the greatest common factor of 82 and 6437.
41
What is the greatest common divisor of 22 and 3091?
11
What is the highest common factor of 131 and 16375?
131
Calculate the greatest common factor of 550 and 455.
5
Calculate the greatest common divisor of 122 and 305.
61
What is the highest common divisor of 99 and 88?
11
Calculate the greatest common factor of 3910 and 1495.
115
Calculate the highest common factor of 312 and 39.
39
Calculate the greatest common factor of 96 and 216.
24
What is the greatest common factor of 16 and 328?
8
Calculate the highest common factor of 11 and 1562.
11
What is the highest common divisor of 170 and 80?
10
What is the highest common divisor of 1218 and 58?
58
What is the highest common divisor of 4 and 1558?
2
What is the highest common factor of 11 and 33?
11
Calculate the highest common factor of 7089 and 51.
51
Calculate the highest common factor of 25 and 5.
5
What is the highest common divisor of 215 and 129?
43
What is the highest common factor of 34 and 68?
34
Calculate the highest common divisor of 1080 and 40.
40
Calculate the highest common divisor of 240 and 1360.
80
Calculate the greatest common factor of 567 and 21.
21
Calculate the highest common factor of 1121 and 57.
19
Calculate the greatest common factor of 65 and 1027.
13
Calculate the greatest common factor of 104 and 24.
8
Calculate the highest common factor of 1104 and 1380.
276
What is the highest common divisor of 2806 and 46?
46
Calculate the highest common factor of 57 and 24.
3
What is the highest common divisor of 95 and 171?
19
What is the highest common divisor of 68 and 8262?
34
What is the highest common divisor of 70 and 220?
10
What is the greatest common factor of 322 and 2024?
46
Calculate the highest common divisor of 258 and 42.
6
What is the highest common factor of 1261 and 873?
97
What is the highest common divisor of 175 and 3125?
25
What is the greatest common factor of 102 and 238?
34
Calculate the greatest common factor of 14501 and 34.
17
Calculate the highest common factor of 276 and 1472.
92
What is the greatest common factor of 30 and 45?
15
What is the highest common divisor of 32 and 1424?
16
What is the highest common divisor of 355 and 71?
71
What is the highest common factor of 1314 and 72?
18
What is the highest common factor of 5180 and 481?
37
Calculate the greatest common factor of 83 and 32287.
83
Calculate 